) = w**2 - 2*w + 4. Let z be h(-3). Let f = z + -12. Suppose 2*o + 0*o - 8 = 0. Calculate the remainder when f is divided by o.
3
Suppose -6*v = -v - 3*z - 159, -z - 64 = -2*v. Calculate the remainder when 94 is divided by v.
28
Let o(g) = g**2 - 8*g - 5. Let h be o(9). Suppose -3*m - 3*k = -5*k - 72, h*k = m - 34. Calculate the remainder when m is divided by 8.
6
Suppose 0 = 4*b + m - 44, 4*m = -b + 6 + 20. Suppose -a - 2 = 2*z, -a + z + 15 = 2*a. What is the remainder when b is divided by ((-8)/(-6))/(a/18)?
4
What is the remainder when 189/4 + (-4)/16 is divided by 12?
11
Let b(f) = f**2 + 3*f - 1. Let h = -5 - -1. What is the remainder when 4 is divided by b(h)?
1
Let m(w) = -5*w - 4. Suppose -c + 27 = -4*u + 10, 2*u + 11 = c. Calculate the remainder when 31 is divided by m(u).
9
Let p = 34 - 20. Calculate the remainder when 25 is divided by p.
11
Let c(y) = -y**2 + 11*y - 9. Let z be c(7). Suppose 74 = 5*f + z. What is the remainder when 32 is divided by f?
10
Let z(w) = 3*w - 7. Let f be z(-5). Let p = f + 16. What is the remainder when 1 is divided by (2/p)/((-2)/6)?
0
Let r(u) = u**2 - 8*u - 7. Suppose -3*w = -g - 30, w = 3*w + g - 20. What is the remainder when 25 is divided by r(w)?
12
Let x = 5 + -19. Calculate the remainder when 35 is divided by 36/x*(-7 - 0).
17
What is the remainder when ((-1616)/24)/((2/3)/(-1)) is divided by 26?
23
Let s be (-5)/10 + (-174)/(-4). Suppose 0 = -3*u - 2*u - 2*j + s, 0 = -2*j - 2. Calculate the remainder when 23 is divided by u.
5
Suppose -2*j + 32 = -5*z - 5*j, z + 12 = -2*j. Let l = z + 26. Suppose -2*w - h + 23 = 0, 6*h = 2*h - 4. What is the remainder when l is divided by w?
10
What is the remainder when (-117)/(-4) + (93/12 - 8) is divided by 19?
10
Suppose 2*t = -t - 6. Calculate the remainder when 14 is divided by 110/15 - t/3.
6
Let b = 2 - 2. Suppose b = -4*d + 5*w + 19, -w = 5*d + w - 32. Suppose -3*s = -3 - d. Calculate the remainder when 8 is divided by s.
2
Suppose -3*w - 19 = -5*y, -3*y + 3 + 6 = -w. Suppose 0*p - 13 = -5*n - 3*p, 4*p + 31 = 3*n. Suppose 1 + n = 2*b. What is the remainder when b is divided by y?
1
Let s(z) = 4*z**3 + z**2 - z - 1. Suppose 8 = 2*r + 4. Suppose -3*f + r = -2*f. Calculate the remainder when s(f) is divided by 12.
9
Suppose -34 - 32 = -6*s. Let z(f) = -f**3 - 2*f**2 + 5*f - 7. What is the remainder when z(-5) is divided by s?
10
Let n = -43 - -86. What is the remainder when n is divided by 15?
13
Suppose 2*f = -2*m + 3*m + 11, 0 = 4*f + 3*m - 47. Let i(s) = -12*s + 4 - 4 - 1. Calculate the remainder when i(-2) is divided by f.
7
Suppose -4*j - 4*n + 84 = 0, 9*j - 4*j - 4*n = 60. Let v(k) = 11*k**2 + 1. Let f be v(1). What is the remainder when j is divided by ((-1)/2)/((-1)/f)?
4
Suppose -8*p + 258 = -2*p. Calculate the remainder when p is divided by 11.
10
Let f be 17/4 + (-8)/32. Let g(n) = n**3 + 2*n**2 - n - 2. Let z be g(3). Suppose -z = -f*q - q. What is the remainder when 14 is divided by q?
6
Let y = 122 - 69. What is the remainder when y is divided by 14?
11
Calculate the remainder when 21 is divided by 5*5/(-25) - -17*1.
5
Suppose 0 = -u + 2*u - 16. Let m = 11 - 7. Suppose -c = m*c - 305. Calculate the remainder when c is divided by u.
13
What is the remainder when 13 is divided by 0 + -3 + 3 + 7?
6
Let o = 44 - 31. Let x = o + -29. Let i = -1 - x. Calculate the remainder when 43 is divided by i.
13
Let t be ((-4)/12)/((-2)/18). Suppose -x = -t*x + 20. What is the remainder when x is divided by 6?
4
Suppose -g + 82 = a, 3*g - 1 = 3*a + 227. What is the remainder when g is divided by 20?
19
Let n(b) = 8*b**3 - 2*b - 1. Let u be n(-1). Let h(p) = -2*p - 6. What is the remainder when h(u) is divided by 3?
2
What is the remainder when 70 is divided by (-110)/(-15) - 6/(-9)?
6
Let v(p) = -p**3 - 5*p**2 + p + 7. Let u be v(-5). Suppose -u*t - 8 = -3*t. Calculate the remainder when 30 is divided by t.
6
Suppose 3*k = -a + 39, 44 = 4*k - 6*a + 10*a. Suppose 2*u + 35 = 3*u + 2*t, -2*t - 40 = -2*u. Calculate the remainder when u is divided by k.
11
Let z = -117 + 282. Suppose -5 = -b, 3*k + 5*b = z + 130. Suppose -x - 4*x + k = 0. What is the remainder when 34 is divided by x?
16
Suppose -5*u - 78 = p, 3*u - p = 3*p - 56. Let m = 30 + u. Calculate the remainder when m is divided by 3.
2
Let n = 89 + -38. Suppose -z - 2*z = -n. Let r = z - 8. Calculate the remainder when r is divided by 3.
0
Suppose -5*i + 27 = -c, -7 - 1 = 4*c. Suppose -i*n - 92 = -9*n. Calculate the remainder when 67 is divided by n.
21
Suppose -2*v + 20 = -4*l, 2*v + 30 = 5*v + 3*l. Calculate the remainder when 137 is divided by v.
7
Let u(g) = -5*g**3 - 32*g**2 - 20*g - 49. Let a(o) = -o**3 - 8*o**2 - 5*o - 12. Let h(j) = -9*a(j) + 2*u(j). Calculate the remainder when h(8) is divided by 17.
16
Let c be (-4)/(-6) + 14/(-21). What is the remainder when c - (7*-3 - 3) is divided by 13?
11
Let y = 172 + -70. Suppose 0 = -4*r - 5*d + 209, -r - r + y = 2*d. What is the remainder when r is divided by 12?
10
Calculate the remainder when (3/(-3) - 50)*1/(-3) is divided by 3.
2
Calculate the remainder when 72 + (-1 - (2 - 6)) is divided by 19.
18
Suppose 0 = -o - 2*o + 6, j = -4*o + 12. Suppose -2*c + 18 = j. Suppose c*s - 6 = 5*s. Calculate the remainder when s is divided by 2.
1
Suppose -13 = -3*h + 5. What is the remainder when (15 + -5)*(1 + (-2)/(-4)) is divided by h?
3
Suppose 5*c = 50 + 10. What is the remainder when 33 is divided by c?
9
Suppose 5*i + 57 = o + 22, 0 = -3*o - 5*i + 145. Calculate the remainder when 2*(1 + o/2) is divided by 16.
15
Let h be -2 + (-3 - 1/(-1)). What is the remainder when 15 is divided by ((-2)/2)/(1/h)?
3
Suppose -6*p + 0*p + 18 = 0. Calculate the remainder when 9 + 2/((-1)/1) is divided by p.
1
Suppose -2*u - 6 - 2 = 0. What is the remainder when 9 is divided by (-1 + -1)*10/u?
4
Let s = -15 + 55. What is the remainder when s is divided by -6 + 6 - (-1 - 13)?
12
Let c = 0 - -42. Calculate the remainder when c is divided by 22.
20
Let y(q) = 3*q**3 - 2*q**2 + q + 1. Let i be y(3). Suppose 2*b - i = 5*v, 0*v - v + 49 = 2*b. Calculate the remainder when b is divided by 9.
8
Let n(o) = -o**2 + 8*o - 6. What is the remainder when 11 is divided by n(6)?
5
Suppose 113 = 3*d - 2*h - 114, 2*h = -8. Calculate the remainder when d is divided by 19.
16
Let m(j) = 2*j - 6. Let h be m(5). Let x = 2 - 2. Suppose -a + 11 - h = x. What is the remainder when 18 is divided by a?
4
Calculate the remainder when 21 is divided by (-6 - (-63)/6)/(6/8).
3
Let z(b) = 5*b**2 - b + 1. Let s = -5 - -8. Suppose 2*p = -3*p + 20, -s*t = -p - 35. Calculate the remainder when t is divided by z(1).
3
Suppose 0 = y + 5*q - 20, -3*y + q + 2 = 6. Suppose y = 4*l + x - 51, 5*l - 40 - 11 = 3*x. What is the remainder when l is divided by 7?
5
Let o = -42 - -48. Calculate the remainder when 29 is divided by o.
5
Suppose 42 = 13*n - 12*n. Let j = 29 + -7. What is the remainder when n is divided by j?
20
Suppose 2*r = -3*r - 5*q + 55, 0 = -4*r - 3*q + 42. Let a = -4 - -9. Calculate the remainder when r is divided by a.
4
Suppose 0*c - 5 = -c. Suppose -3 = c*q - 33. Calculate the remainder when q is divided by 4.
2
Let g = -185 + 198. Suppose 7*r - 4*r - 75 = 0. Calculate the remainder when r is divided by g.
12
Suppose -2*f + 3*x - 84 = 2*f, 0 = f - 3*x + 12. Let o = 3 + f. Calculate the remainder when (-6)/o + 234/14 is divided by 6.
5
Suppose -3*p - 8 = -4*p. Suppose 3*q + 18 = b, q = -q - 6. Suppose 0 = d + 2*s - b, d - 6 - 12 = -5*s. What is the remainder when p is divided by d?
2
Suppose 3*t + 4 + 40 = 2*f, 4*f - 80 = 2*t. Suppose -5*i + 51 = -f. Suppose -2*j + i = 2*q - 4, -3*j = q - 21. Calculate the remainder when j is divided by 2.
0
Let i = 20 + 29. Calculate the remainder when i is divided by 10.
9
Let v = 204 - 194. What is the remainder when 39 is divided by v?
9
Let w be 5 + -5 - 0/1. Let p be 7*(1 + w + 0). Suppose -2*z = -c - 35, -80 = -5*z - 3*c + p*c. Calculate the remainder when z is divided by 7.
6
Calculate the remainder when 48 is divided by 27/((-4)/((-32)/12)).
12
Let f be 15/(-18)*-3*-276. Suppose 2*a - a = 3*h + 19, -4*h - 12 = 0. Calculate the remainder when (-1)/(-4) + f/(-24) is divided by a.
9
Let a(z) = 28*z + 5. What is the remainder when a(2) is divided by 156/1